4 - -5 - (-20 - -31)
-4
Calculate (4 - ((-2 - -5) + -8)) + -5.
4
What is (4 - -1) + 20 + -19 + 7 + -11?
2
-6 + (7 - (-1 - 0)) + 0
2
(0 - (6 + (-1 - (2 - 1)))) + 1
-3
Calculate (29 - 9) + (-2 - 8) + 2.
12
Evaluate 3 + (-12 - (-1 + (-34 - -1))).
25
What is 44 + (-6 - (-49 + 77))?
10
What is the value of 1 + 21 - (-34 - -46)?
10
Evaluate -3 + -9 + 9 - 2 - 16.
-21
What is (-8 - 1) + (-34 + -10 - -47)?
-6
What is the value of 3 + (47 - 52) + (11 - 0)?
9
Evaluate 2 + 13 + -7 - 5 - 2 - -3.
4
What is -8 + -11 + 6 + (-1 - -21)?
7
3 - (-7 + -3 + 5)
8
What is 13 - (7 - -2) - (-3 - -2)?
5
Calculate -49 + (15 + -9 - -20).
-23
What is the value of 3 - ((-1 + -4 - -10) + (-10 - 0))?
8
What is 4 - (7 - (8 - 10))?
-5
Calculate -31 - -60 - (48 + -6).
-13
Calculate (3 - 18) + -7 + (-1 - 5 - -14).
-14
What is the value of -6 + (0 - 5) + 17?
6
What is the value of (3 - 21) + (24 - -16)?
22
-9 - 0 - (8 - (-5 + 0 + 21))
-1
0 + -3 - 9 - (-30 + 32)
-14
Calculate (-12 + 3 - (18 - 26)) + 4.
3
What is the value of (0 - -23) + (111 - 136)?
-2
Calculate 6 + (-1 - (-5 - -2)).
8
Evaluate 30 + 5 + 34 + -62 - (-12 + 1).
18
3 + 3 - 0 - -1
7
What is 3 + 27 + 335 + -372?
-7
What is the value of 34 + -13 + 6 + -1 + -3?
23
Evaluate -7 + (26 - (17 - 3)).
5
What is the value of (29 - 35) + (12 - 0) + -4 + 4?
6
Evaluate -8 + 1 + 3 + (6 - 3).
-1
Evaluate -12 - (-1 - (7 + -1)).
-5
Calculate -36 + -3 + 6 + 3.
-30
Calculate -12 - (22 - 29 - -14 - (-1 - -20)).
0
6 + (-11 - -7 - 24) + 0 + -6
-28
-8 + 5 + -34 + 24
-13
What is the value of ((-3 - -11) + -4 - (-2 + 2)) + -1?
3
Calculate 11 + -19 + 19 + (-2 - -6).
15
Evaluate -7 + 6 + 5 + (-10 + 8 - 0).
2
Evaluate (-1 - 38 - -14) + 17 + 30.
22
Evaluate 11 + 5 - (11 + 10).
-5
Calculate -6 + 3 + 2 + 1 + 24.
24
Calculate 9 - (-4 - (4 - 13)).
4
2 + -4 + (-19 + 12 - -4)
-5
What is the value of 7 + -1 + 3 + 1 + -9 + 2?
3
What is the value of 31 + (-7 - -12 - 60)?
-24
Calculate -6 + (-4 + 4 - (-6 - -8 - -4)).
-12
What is the value of (-15 - -21) + (-2 - -11)?
15
What is (-4 - (-23 - -11) - -14) + -12?
10
-14 + 83 + -34 + -39
-4
What is the value of (-11 - -24) + -5 + (1 - 19)?
-10
Evaluate 2 + (-13 - (7 + -7) - (-8 - -3)).
-6
Evaluate 3 - (12 - -1) - (-28 + 23).
-5
What is the value of -18 + 69 + (-29 - 5)?
17
-20 + (0 - (-1 - (-6 + 14)))
-11
-4 + 4 - (-9 + 20 + -3 + 6)
-14
(-105 - -123) + (2 + (-4 - -2) - 3)
15
-8 + -15 + 5 + -5 + 8 + 15
0
Calculate 2 + 0 - -11 - (9 - -1).
3
Evaluate (-28 - -24 - -8) + 1 + -10.
-5
-55 + 50 + (0 - -13) + -1
7
What is -3 - 1 - (3 - (-14 + 16))?
-5
(2 - 26) + 45 + 10 + -61
-30
-4 + (6 + (-13 - -14) - 4)
-1
Calculate (1 - -14) + 1452 + -1438.
29
Evaluate (31 - (-2 - -3 - (1 - 5))) + -8.
18
What is the value of (-1 - -2) + (0 - -3 - 4) + -17?
-17
Calculate (-13 - (15 + -8)) + 34.
14
Calculate -11 + 6 - -3 - 4 - (8 - 16).
2
11 + (11 - 9) + -4 + 4 - 1
12
What is the value of (0 - -5) + 0 + (4 - (3 - 4))?
10
What is the value of -7 + (42 - 53) - 14?
-32
18 + 7 + (19 - 39)
5
-1 + (-2 + 3 - (-3 + 15))
-12
What is (103 - 84 - (0 - 2)) + (-1 - 2)?
18
Evaluate 16 - 26 - (-8 + -37 - -9).
26
Calculate (217 - 193) + (-4 - -12).
32
Calculate (20 - 13) + (4 - 7 - -2).
6
266 + -247 - (33 + 0)
-14
Calculate 11 + -5 + (2 - (12 + 2 - 3)).
-3
Calculate 4 - ((-13 + 3 - -9) + 29 - 8).
-16
Calculate (11 - (7 - 2)) + (1 - (1 - 1)).
7
Calculate -21 - (37 - 81) - 18.
5
What is -11 + 6 + (4 - 2 - (-7 + 11))?
-7
Evaluate 2 - 29 - (-54 - -16).
11
What is (-9 - -2) + 7 + 3 + (16 - -1)?
20
What is 2 + 4 - (-2 + 3 + (-11 - -4))?
12
What is the value of -20 - (-10 - 1) - -25 - 17?
-1
(-2 - 9) + -4 + 10 + -8 + 5
-8
What is (-1 - -6) + (-22 - ((4 - 13) + 2))?
-10
-4 + -4 + 4 + -6
-10
Calculate (26 - 5) + (-9 - 2) + -18.
-8
Calculate -6 + -8 + 10 + 4.
0
-2 + (-2 + -6 - (23 + -51) - 8)
10
-1 - (2 - -10) - (3250 - 3266)
3
Calculate 1 - (1 - (12 - (17 - 8))).
3
-40 - ((19 - 11) + -14)
-34
What is -7 - ((16 - 1) + (-46 - -44))?
-20
(-3 - 0) + 20 + -17 + 6
6
What is (-20 - (32 + -60) - (0 - 0)) + -38?
-30
What is the value of 4 - (6 - (-4 - (-6 + 5 - 2)))?
-3
What is the value of -34 + 28 + 5 - (0 - 1 - 4)?
4
What is the value of 1 + 28 + 1865 + -1870?
24
What is the value of -12 - (-46 + -2 - -2)?
34
Calculate (-5 - -1) + -81 + 69 - -44.
28
8 - (-6 + 21 - 11) - -14
18
Calculate -19 + 1 - ((2 - 1) + -4).
-15
-7 - (5 + -4) - -10 - (1 - -23)
-22
(25 - (22 + 9)) + (-2 - -22 - 0)
14
What is -14 + 47 + -16 + 17 - 9?
25
Evaluate -13 - (-36 - (-25 - (-2 - 11))).
11
What is the value of (4 - 2) + (7 - (-2 + -2 + 3))?
10
Evaluate -3 + (9 - -1) + (-8 + 4 - -3).
6
What is -18 - (-14 + (-10 - -1))?
5
What is 8 - -3 - (-8 + 5 - 11)?
25
Calculate -9 - (-8 + (-8 - -10) + -8).
5
What is (1 + -26 - -3 - -3) + 7?
-12
(-10 - -13) + -14 + 3
-8
What is -13 - -1 - (-25 + 28 + -4)?
-11
What is (3 - (1 + -2)) + 14 + 27 + -54?
-9
Calculate 46 - 2 - -2 - (23 - -35 - 49).
37
Calculate (2 - -1) + -43 + 25 + -3 + -3.
-21
1 - (-10 - -5) - 13
-7
What is the value of 33 - 20 - (16 + 0 - 20)?
17
Calculate 44 + (4 - -3 - 40).
11
What is the value of -32 - (-21 - 4) - (-40 - (-2 - 0))?
31
Calculate (-20 - -16 - (-14 - -17)) + -10.
-17
What is the value of 8 + -2 - ((17 - 10) + 2 + 4)?
-7
Evaluate 10 - (0 - (0 - (11 - -1) - -2)).
0
What is 7 + (18 - 22) - 25?
-22
Evaluate (5 - 11) + 8 + 1 + (-32 - -5).
-24
What is 8 - 4 - (3 + (-12 - -3 - -5))?
5
Calculate -3 - (-13 + (12 - (-5 - -7 - -4))).
4
Evaluate 1 + (-10 - -20) + -19.
-8
-10 - ((3 - (-5 - -9)) + -13)
4
-29 + 12 + 11 + (2 - -12)
8
What is the value of 18 - -1 - (-17 - (6 + -15)) - 8?
19
(-6 - (-5 + 4) - -1) + (3 - 3)
-4
Evaluate (5 - 9) + (-17 - -25) + 0.
4
Calculate 16 + 0 + -6 + 9 + -4.
15
What is 14 + 1 + (7 - 41)?
-19
Evaluate 42 + -19 + 21 + -20.
24
What is 27 + -52 + (14 - 5)?
-16
Evaluate 9 - (-4 + -6 + 15) - -4.
8
Evaluate -15 - -31 - 45 - -2.
-27
What is (1 - 3) + (-42 - -33 - (1 + -10))?
-2
Evaluate 8 + (-16 - -4) + 18.
14
What is the value of 44 + -23 - 21 - (-12 - -1)?
11
(7 - 19) + -2 + 4
-10
0 - (3 + -6 - -12) - -3 - -32
26
Calculate (-5 - -8) + (3 - (35 + 5)) - -4.
-30
Evaluate -12 - (2 - (0 + 13)) - (-2 + -16).
17
(29 + -45 - (0 - 5)) + 3
-8
What is the value of -6 + (8 - -7) - (0 - (8 + -48))?
-31
What is -8 + (-4 - (-6 + (-5 + 1 - -4)))?
-6
Evaluate 6 + -4 + 10 + -1 - (-1 - -2).
10
What is 9 + (9 - (1 + 6 + 46)) - -4?
-31
What is (29 - 11) + (10 - 1) + 2?
29
Calculate (-2 + -7 - (-55 + 46)) + 2.
2
Evaluate -1 - (-17 - (-7 - 0) - -18).
-9
Calculate (-4 + 7 - 19) + (-13 - 2) + 22.
-9
Evaluate -1 - -1 - 19 - (36 - (6 - -39)).
-10
Calculate 10 + -11 - (-26 + 0 - (-1 + 1)).
25
What is the value of 14 - ((5 - 0) + -4 + (-1 - -4))?
10
What is (-1 - -26) + -7 + (10 - (-3 - -3))?
28
Evaluate 4 + (51 - 53 - (0 - -5)).
-3
-1 + 6 - (16 - (21 + -6 + 3))
7
What is (2 - (-1 + -3)) + 11 + 0 + -28?
-11
-42 + 108 + -32 - 51
-17
21 + 7 + (19 - 62)
-15
Calculate (67 + -20 - 36) + 16.
27
Evaluate -16 - (-4 - 5 - (-15 + 4 - -2)).
-16
6 + -3 - 7 - -3 - (9 + 5)
-15
(6 - 1) + 19 + -5 + (-48 - -14)
-15
Calculate (24 - 24) + -1 + 10.
9
Calculate (1 - -5) + 1 + -18 + 15 + 0.
4
Evaluate 4 - ((-16 - -21) + (2 - 13)).
10
What is the value of 6 - (-5 + (7 - 7) + -6 + 3)?
14
Evaluate (-14 + 20 - (-6 - -4 - 13)) + -4.
17
What is the value of -5 - (6 + (0 - 1) + 0 + -16)?
6
What is 0 + 26 + 1 + -36 + 28?
19
42 + (-40 - 43 - -32)
-9
What is the value of -2 - 4 - ((1 - 13) + 3)?
3
-27 - -23 - (-2 - 0 - 3 - -4)
-3
What is the value of -18 + (-4 + 24 - 10)?
-8
What is the value of -9 + 25 + (1 - 17)?
0
-14 - (0 + 6 + 3 + -2 + -8)
-13
Evaluate (6 - (3 - 1)) + -31 + -3.
-30
Evaluate 9 - (11 + 1 - -3).
-6
Calculate 18 - (-6 + (-2 - (-11 + 6)) + 7).
14
What is the value of 0 - 8 - (-5 + 14 - -7 - 10)?
-14
Evaluate 6 + 6 + 3 + -4 + -1.
10
Evaluate -27 - (-4 + -20 + -13).
10
Evaluate -18 + 2 - -22 - (13 + 2).
-9
-21 + 20 + (-4 - 21)
-26
What is the value of -2 - 2 - ((-17 - -7 - -10) + -12)?
8
Calculate -3 + (19 - 0) - (29 + -19).
6
Evaluate 4 - -7 - (-17 + 10) - -4.
22
What is -17 - (1 - (28 - 12))?
-2
Evaluate (3 - (4 + (-1 - -3))) + -4 - 27.
-34
Evaluate 22 - (-5 + -20 + 79).
-32
Evaluate (5 - 32) + 30 + (4 - 0).
7
What is -2 + (-6 - -7) + 8?
7
Calculate (-24 - -44) + -31 - (-1 + -2).
-8
-566 + 586 - (1 - -34)
-15
Calculate 5 - (-10 - -3 - (29 - 26)).
15
Eva